4413201 (base 5) to base 3
10212022201
What is -11202010101 (base 3) in base 9?
-152111
Convert -f2cb (base 16) to base 15.
-1363a
Convert -66320 (base 11) to base 7.
-550342
-20430 (base 13) to base 16
-e1ed
What is 170136 (base 8) in base 5?
3432114
Convert 2021241 (base 5) to base 8.
77670
294436 (base 10) to base 9
487801
-1070141 (base 9) to base 8
-2147716
What is d0694 (base 14) in base 6?
14422042
a066aa (base 11) to base 5
403304332
What is 544223 (base 8) in base 5?
21314134
Convert 1221443044 (base 5) to base 15.
3caa19
111000011111001011 (base 2) to base 11
148918
-61736a (base 11) to base 4
-3301313233
What is -102200210022 (base 3) in base 12?
-b1282
Convert 3501a (base 12) to base 10.
70870
Convert -12010010010200 (base 3) to base 10.
-2718540
102102011121111 (base 3) to base 13
1344bb3
30a7 (base 12) to base 7
21325
What is -21311300 (base 4) in base 16?
-9d70
Convert -110353425 (base 6) to base 13.
-548b1c
11011101001000 (base 2) to base 7
56155
What is -23553461 (base 7) in base 5?
-1014103331
Convert 202101030 (base 4) to base 5.
13442424
Convert -243042130 (base 5) to base 3.
-2011002110201
What is -1022000212 (base 3) in base 6?
-314122
-7196311 (base 10) to base 6
-414124131
Convert -6a80a (base 12) to base 9.
-236861
Convert -685102 (base 12) to base 2.
-110010111001001010010
What is -310432 (base 14) in base 9?
-3088081
-43014043 (base 5) to base 14
-95559
What is 71486 (base 12) in base 9?
244363
What is 5444464 (base 7) in base 8?
2426103
-33030003 (base 6) to base 9
-1758303
Convert -2231376 (base 8) to base 14.
-1199ca
341b172 (base 13) to base 8
75066235
1063840 (base 10) to base 5
233020330
Convert 1ee50 (base 15) to base 11.
69a5a
23499c (base 15) to base 4
12123230121
Convert -59791 (base 11) to base 13.
-30286
Convert -703761 (base 8) to base 11.
-148952
Convert -1337544 (base 8) to base 10.
-376676
Convert -3366022 (base 8) to base 14.
-19a718
Convert 22348 (base 15) to base 10.
108743
What is 10041244101 (base 5) in base 2?
100110100010100011110010
191387 (base 10) to base 9
321472
Convert -2730820 (base 9) to base 5.
-340342244
What is 255ddb (base 14) in base 5?
312043224
Convert -a4570 (base 14) to base 9.
-663447
29224 (base 13) to base 16
12dcf
101000010001101110010010 (base 2) to base 12
36521aa
174910 (base 10) to base 7
1325641
What is 15550882 (base 9) in base 12?
2727b02
What is -156554 (base 8) in base 11?
-39651
Convert 723810 (base 9) to base 7.
3435426
86d6a (base 14) to base 11
203289
What is 35cac (base 13) in base 14?
2803c
-130220332 (base 5) to base 9
-1163670
Convert -1101021121010 (base 3) to base 13.
-1c900b
What is -206561 (base 9) in base 2?
-11110000000110100
8a568 (base 11) to base 15
28cb2
494b5b (base 12) to base 16
122a77
Convert -13244134 (base 7) to base 10.
-1221154
What is 4067732 (base 11) in base 9?
14458883
What is 171d3 (base 15) in base 12?
37269
44426 (base 13) to base 12
5b738
What is 12a0c40 (base 13) in base 8?
26257475
Convert -1425530 (base 13) to base 11.
-3669134
2001200102122 (base 3) to base 12
44a315
327449 (base 13) to base 12
492ba5
What is 1421432 (base 6) in base 7?
454241
Convert 7c4c0 (base 14) to base 5.
34142132
-117711 (base 10) to base 4
-130233033
Convert -710205 (base 8) to base 7.
-1662031
What is -2815821 (base 9) in base 6?
-53050031
What is -2c401 (base 14) in base 5?
-12014140
What is -6b645 (base 15) in base 4?
-1103210102
What is -223311311 (base 5) in base 16?
-f2d15
What is -212144531 (base 6) in base 15?
-4e011d
Convert 322c8 (base 15) to base 6.
3225155
-113103023 (base 4) to base 3
-11211220122
403746 (base 10) to base 3
202111211120
-21087b (base 13) to base 15
-103dbb
-5070224 (base 8) to base 7
-14246236
Convert -74570 (base 10) to base 3.
-10210021212
Convert 41505231 (base 6) to base 4.
10212202303
Convert -4887b5 (base 12) to base 11.
-73375a
-101001102220002 (base 3) to base 14
-9d10dc
-2262594 (base 11) to base 8
-17057330
What is 65400156 (base 7) in base 11?
3182a7a
What is -216034 (base 8) in base 14?
-1c712
What is -3103230230 (base 4) in base 15?
-121dcb
11d4b (base 16) to base 7
422634
Convert -23640d8 (base 14) to base 12.
-57b8392
11866158 (base 9) to base 15
7a291b
-100025542 (base 6) to base 2
-110011011000000100110
What is 22122223202 (base 4) in base 6?
134310122
What is -6567a (base 12) in base 15?
-29a94
Convert -38c438 (base 13) to base 5.
-322310304
1b40c3 (base 13) to base 11
4347a3
Convert -53847 (base 11) to base 6.
-1402041
Convert 3842301 (base 10) to base 2.
1110101010000011111101
What is -5403220 (base 6) in base 14?
-6c88c
What is 200202101212 (base 3) in base 15?
745b2
-1233641 (base 9) to base 8
-2440274
What is -10332433 (base 8) in base 5?
-1031142201
Convert -404131244 (base 5) to base 4.
-12031333313
15754062 (base 8) to base 12
1285b56
What is -1743 (base 13) in base 7?
-13005
Convert 215537 (base 10) to base 2.
110100100111110001
-184a83 (base 12) to base 10
-423171
Convert 223001132 (base 4) to base 12.
85b92
Convert -12067100 (base 8) to base 9.
-4877581
Convert 100321340 (base 5) to base 16.
6203e
-100201102112 (base 4) to base 9
-8130468
14033 (base 12) to base 9
41873
-1131044410 (base 5) to base 10
-2596855
What is 34029 (base 16) in base 15?
431c3
134314241 (base 5) to base 13
1b597a
What is 69a0 (base 13) in base 15?
45dd
What is -173680 (base 12) in base 15?
-7d853
-103032030 (base 4) to base 5
-10004412
Convert 50662a (base 13) to base 14.
369a53
Convert 11100310 (base 4) to base 11.
15217
-1401213 (base 7) to base 8
-551760
Convert 1111111001000100000010 (base 2) to base 5.
2031302030
Convert -406703 (base 9) to base 8.
-726764
4532638 (base 9) to base 7
26522330
Convert 1729abc (base 14) to base 10.
11397958
Convert -478364 (base 9) to base 11.
-187631
Convert -2337240 (base 10) to base 12.
-9486a0
Convert -10221012211112 (base 3) to base 13.
-582794
-1112121120021 (base 3) to base 5
-202202304
110001011100011000010 (base 2) to base 8
6134302
What is -1010012 (base 6) in base 10?
-47960
13021200 (base 4) to base 12
14b40
Convert 356324 (base 7) to base 9.
107612
What is -1101010000111100 (base 2) in base 3?
-2202112022
Convert 374447 (base 11) to base 3.
1010001101101
What is 23200214 (base 6) in base 9?
1310401
Convert 299b9 (base 15) to base 9.
223513
Convert 35541443 (base 6) to base 8.
4206543
What is -72755 (base 13) in base 3?
-101102222212
Convert 20170 (base 9) to base 16.
33d2
202022111 (base 3) to base 7
61114
-436052 (base 10) to base 5
-102423202
What is 121212020111122 (base 3) in base 16?
88b9fb
What is -199946 (base 12) in base 14?
-babd4
-1100000100110010100000 (base 2) to base 5
-1302242334
Convert -22405421 (base 6) to base 12.
-290871
Convert -1131332023 (base 4) to base 3.
-201112222211
Convert -21112201000 (base 3) to base 12.
-71b30
What is -102130303132 (base 4) in base 16?
-49ccde
-97454 (base 11) to base 15
-2be6e
-230100201 (base 4) to base 8
-542041
Convert 80c310 (base 15) to base 2.
10111010101001101011110
What is 15ca4 (base 15) in base 14?
1b8d4
-1605210 (base 7) to base 3
-102012012200
What is -9644 (base 14) in base 6?
-320020
Convert 2aa97 (base 12) to base 6.
1143111
What is 1240400 (base 7) in base 6?
3241355
-800711 (base 9) to base 13
-137383
Convert -1204345 (base 7) to base 6.
-3135251
-10323001233 (base 4) to base 3
-2102120000210
21454322 (base 6) to base 2
10011101011111101010
What is -60104116 (base 7) in base 5?
-2232200444
Convert -2651a37 (base 11) to base 2.
-10001011111011011111110
Convert 96a95 (base 16) to base 15.
c2ca9
What is 124a7 (base 16) in base 12?
37433
Convert 322410542 (base 6) to base 7.
66441623
1021201010220 (base 3) to base 2
10100110110010101010
What is -9a880a1 (base 11) in base 8?
-103350016
-1110110110011001010 (base 2) to base 12
-1b5722
-1374612 (base 12) to base 3
-21022101210112
Convert -68a983 (base 15) to base 2.
-10011000100000000011100
What is 4d95a (base 14) in base 12?
92778
Convert -3a4735 (base 14) to base 10.
-2010027
What is 166587 (base 9) in base 15?
208ed
Convert aa82 (base 13) to base 2.
101110011010110
What is -10000001001110011 (base 2) in base 14?
-1a17d
Convert -5af81d (base 16) to base 9.
-12185884
Convert 102232201 (base 5) to base 9.
725232
Convert -6b8960 (base 13) to base 4.
-2130110110